actors of a?
2, 17
Let z(f) = 6*f**2 - 5*f + 51. Let i be z(5). Let o be (1*6)/(9/6). Suppose -o*v = -0*v - i. List the prime factors of v.
2, 11
Let v(m) = -m**3 + 20*m**2 - 7*m + 15. Let x be v(9). Suppose 193 = 4*y - x. What are the prime factors of y?
7, 37
Let j(c) = -75*c**3 - 10*c**2 + 50*c + 348. What are the prime factors of j(-8)?
2, 11, 857
Let o be (-10 - -10)/(1/1). Suppose -w + 531 = u, -3*u + o*u - 2*w + 1588 = 0. What are the prime factors of u?
2, 263
Suppose -d + x + 20 = -x, -d - 3*x - 5 = 0. Let c = -26 + d. Let t = -3 - c. List the prime factors of t.
13
Suppose 6*i + 22*w - 19*w - 89046 = 0, -5*i - w + 74202 = 0. What are the prime factors of i?
2, 5, 7, 53
Let a(k) = -k**3 - 6*k**2 + 36*k + 5. Let f be a(-8). Let y = 688 + -466. Let z = y + f. What are the prime factors of z?
67
Let z(x) = x**2 - 9*x + 20. Let t be z(9). Let k(l) = 28*l - 8. Let q be k(t). Suppose -11*j = -7*j - q. List the prime factors of j.
2, 3, 23
Let j(p) = 8*p - 23. Suppose 33*r - 38*r - 65 = 0. Let c be j(r). Let d = c + 215. List the prime factors of d.
2, 11
Suppose 13173 = -33*s + 54159. What are the prime factors of s?
2, 3, 23
Suppose 58481 - 152141 = -14*m. What are the prime factors of m?
2, 3, 5, 223
List the prime factors of (-44)/(-154) - (-54024)/7.
2, 17, 227
Suppose -3*m = -3*q - 3, 3*m + 2 = 3*q + m. Let r be (-3)/q + 30/8. List the prime factors of 24/12 + (40 - (r + -1)).
2, 5
What are the prime factors of -4*(-2404)/6*((-594)/24)/(-3)?
2, 11, 601
Let s(q) = 2*q**3 - 13*q**2 + 5*q - 11. Let i = -125 + 135. What are the prime factors of s(i)?
739
What are the prime factors of 39947 + -3 - 18/(-6)?
43, 929
Let p(t) = 8*t**3 - 1. Let g be p(-1). Let f = 5 + g. List the prime factors of -1 + (-19)/1*f.
3, 5
Let f(a) = 17*a - 243. List the prime factors of f(41).
2, 227
Suppose -4*y + 5*f + 7619 = -27702, -y + 3*f = -8825. What are the prime factors of y?
2, 7, 631
Suppose -4 = -4*j, 4*j - 138 = b - 3*b. Suppose 3*f - 49 = -b. List the prime factors of -6*(170/f - 2).
2, 7, 13
Let f(o) = -36*o**2 + 9*o - 4. Suppose 13*b = 15*b - 4. Let p be f(b). Let h = p + 184. List the prime factors of h.
2, 3
Suppose 5*i + 7185 = -0*i. Let a = i - -2028. List the prime factors of a.
3, 197
Suppose 2*o - 976 = 330. Suppose -730 = -4*r - a, 3*r + 96 - o = 4*a. Suppose r = 5*v - 32. What are the prime factors of v?
43
Let v(z) = 341*z - 411. List the prime factors of v(43).
2, 7, 509
Suppose -43*f + 69002 + 173131 = 0. List the prime factors of f.
3, 1877
Let n(l) be the third derivative of -l**6/120 + 5*l**5/12 + l**4/8 - 61*l**3/6 + 51*l**2. What are the prime factors of n(25)?
2, 7
Let q = -329 - -345. What are the prime factors of q/(-24) + 488/3?
2, 3
Suppose -62 - 178 = 2*c. Let z(l) = -l**3 - 13*l**2 + 4*l + 35. Let g be z(-11). Let d = c - g. List the prime factors of d.
131
Let j(v) = -8*v + 65. Suppose -5*n = -2*d - 38, -2*d - 14 - 12 = n. What are the prime factors of j(d)?
3, 59
Suppose -48*o - 602 - 166 = 0. Let c(l) = -7*l - 35. Let v(j) = -1. Let w(q) = c(q) - v(q). What are the prime factors of w(o)?
2, 3, 13
Let s(d) = -30*d - 50. Let y be s(-25). Suppose -y = -10*a + 1830. Suppose 3*m - a = -k, 4*k - 120 = -2*m + 52. List the prime factors of m.
2, 3, 7
Suppose -34*k - 1011 = -37*k. Let i(h) = -192*h - 4. Let z be i(1). Let o = z + k. What are the prime factors of o?
3, 47
Let a be (-1)/5 - (-372)/60. Let g be ((-15)/10)/(a/(-8)). Suppose 3*m = j - 9 - 11, 10 = -g*m. List the prime factors of j.
5
Let n be (3 + 33/(-9))*12. Suppose f = 4*r - 3*f + 28, -5*f = 5*r + 5. What are the prime factors of (n/r - 153)*-1?
151
Let o = 187 - 62. Suppose o*m - 129*m = -5960. Suppose l + 9*l = m. List the prime factors of l.
149
Let f be 21/(-6)*(-36)/42. Suppose -r - 19 - 17 = -2*g, 4*g - f*r = 74. Suppose 2*i + g - 127 = 2*t, -47 = -i - t. List the prime factors of i.
3, 17
Suppose -r + 29 = -b, -3*b = 3*r + 44 + 67. Let t = b + -52. Let c = t + 159. What are the prime factors of c?
2, 37
Suppose 984*j + 90478 = 4*l + 987*j, 2*j = 2*l - 45218. List the prime factors of l.
5, 4523
Let n(t) = -t**3 + 81*t**2 - 185*t + 570. List the prime factors of n(77).
3, 3347
Suppose -2*k = 2*n + 54 - 12970, -3*n = -3*k + 19332. What are the prime factors of k?
6451
Let p be (-78)/4*532/21. Let h = p + 245. What are the prime factors of h*((-15)/(-10) - (-11)/(-6))?
83
Let y(g) = -192*g - 1587. List the prime factors of y(-37).
3, 613
Let t be -3 + 1 + -1 + -1 + -191. What are the prime factors of (8/(-6))/(((-4)/t)/(-2))?
2, 5, 13
Suppose -50*m + 102*m - 2738320 = 0. List the prime factors of m.
2, 5, 2633
Let p(z) = 235*z**2 - 10*z - 134. What are the prime factors of p(-8)?
2, 59, 127
Let t = 238 - 229. Suppose -5737 = -t*u - 1309. List the prime factors of u.
2, 3, 41
Suppose 3*m - 42 - 174 = 0. Let b = m - -116. Suppose -28 + b = 4*x. List the prime factors of x.
2, 5
Let m be (-3 - 68/16)/((-1)/8). Let w = m - 54. Suppose 2*z + 92 = 5*z + 2*q, 5*q + 92 = w*z. What are the prime factors of z?
2, 7
Let l = -430 + 446. Suppose 4384 = 4*b - 2*y, 4382 = 20*b - l*b - 3*y. List the prime factors of b.
1097
Suppose -4*c + a + 539 = 0, 0*a - 2*a = -c + 126. Suppose 0 = 123*r - c*r + 11596. What are the prime factors of r?
2, 223
Suppose 5*k - 5*q = 30, 5*k - 4*k - 2*q - 8 = 0. Suppose 2*h - k = 4. Suppose -d - h = 4*j, -14 = -4*d + 3*j + 27. List the prime factors of d.
2
Suppose t - 6 = -1. Suppose -t*f = -3*f - 230. List the prime factors of f.
5, 23
Let v = -1069 + 1641. Let f = 1082 - v. What are the prime factors of f?
2, 3, 5, 17
Let r = 103 - 103. Suppose r*d - 10*d + 2040 = 0. What are the prime factors of 24/d - 6592/(-34)?
2, 97
Suppose -4*q + m = -2387, m - 1785 = 3*q - 6*q. Suppose 5*f = z - q, -2*f - 2*f + 2*z = 478. Let p = f + 154. What are the prime factors of p?
5, 7
List the prime factors of 1/2 - ((-35807)/4 - 12/(-48)).
2, 3, 373
Let s = 3220 + -1810. List the prime factors of s.
2, 3, 5, 47
Suppose -6*r + 43160 = 68. What are the prime factors of r?
2, 3, 7, 19
Suppose -3*c - 19 = -6*p + p, -5*c = -3*p + 21. Suppose -k + 609 = p*k. Suppose -5*y = -5*i - 495, -5*i + 2*i + k = 2*y. What are the prime factors of y?
2, 5
Suppose -26*k + 23*k + 5468 = -4*y, -5*y = -k + 1841. What are the prime factors of k?
2, 227
Suppose 0 = 21*s + 3440 - 26120. Suppose 2*v - s = -4*h, 2*v = -3*v + 4*h + 2658. What are the prime factors of v?
2, 3, 89
Let y(x) = 13 + 10 + 17 + 4*x. Let a be y(-9). Suppose a*n - 22 = 3*n. What are the prime factors of n?
2, 11
Suppose -6*o - 2*k = -11*o + 11, 0 = 5*o - 5*k - 5. Suppose -4*x + o*c = -3*x - 501, -c - 1543 = -3*x. Let s = x - 289. What are the prime factors of s?
227
Suppose 5*t - 2282 + 242 = 0. Suppose 0*i = 2*i - 4*a + t, -5*a - 183 = i. Let k = -117 - i. What are the prime factors of k?
3
Let f be (-13)/(-52) - 1346/8. Suppose 7*n - 14*n + 504 = 0. What are the prime factors of f/(-27) - 16/n?
2, 3
Let v = 73852 + -39481. List the prime factors of v.
3, 19, 67
List the prime factors of (-3660)/(-210)*10024/8.
2, 61, 179
Let r = -264 + 269. Let p be (-2)/(-4) - 2/4. Suppose p = -6*m + r*m + 61. List the prime factors of m.
61
Let b = 5105 - -28. What are the prime factors of b?
3, 29, 59
Suppose 0 = -4*p - 4 + 8. Let g(u) = -4*u**3 + 2*u - 1. Let z be g(p). What are the prime factors of (3 - (z - -248)/(-1)) + 2?
2, 5
Suppose 6 + 15 = z. Suppose -z*m + 19*m + 476 = 0. Suppose -8*c + c + m = 0. What are the prime factors of c?
2, 17
Suppose 4*v - 5*w + 24 = -17, 0 = 3*v + 5*w - 13. Let u be 13 + v/3*(-33)/(-22). Let l = u - -55. What are the prime factors of l?
2, 3, 11
Suppose 0 = -33*c + 2*c + 248. Let l(q) = 111*q + 3. List the prime factors of l(c).
3, 11
Let x = 34 + -263. Let d = 160 + x. Let i = -22 - d. List the prime factors of i.
47
Suppose 8*d - 7 - 9 = 0. Suppose -f - d*c = -73, -3*f - 92 + 332 = -c. Let y = 67 + f. What are the prime factors of y?
2, 73
Let x(u) = u**3 - 24*u**2 - 83*u + 15. Let b be x(28). Suppose -6*c - s - b = -10*c, -3*s + 1038 = 5*c. What are the prime factors of c?
3, 23
Let c = -23 + 23. Suppose 5*f - 797 = -4*h + 166, -2*f - 2 = c. What are the prime factors of h?
2, 11
Suppose x - 3*l - 210 = 0, 3*x = -x + 5*l + 833. Suppose 0 = 16*n - 82 + 34. Suppose -v - 3*b = -65, -2*